+ 88264. What is the highest common divisor of w and j?
32
Let p(t) = t**3 + 28*t**2 - 32*t - 76. Let k be p(-29). What is the greatest common factor of 3047 and k?
11
Let l = 8673 + -8613. What is the greatest common divisor of l and 7260?
60
Let g be ((-30)/(-16) - 2) + 803/88 + 0. What is the greatest common factor of 249 and g?
3
Let s(o) = -3*o**2 + 65*o + 720. Let i be s(-7). Calculate the greatest common divisor of 1357 and i.
59
Let x(j) = j**3 + 4*j**2 - 4*j - 6. Let w be x(2). Suppose 336 = w*r + 14*r. Calculate the greatest common factor of r and 14.
14
Let v be (-12)/10*460/(-69)*(-1864)/(-32). Calculate the greatest common factor of 18407 and v.
233
Suppose 5*l - 411 = -t, -2*t + 6*t = l - 78. Let d = -39547 + 39875. Calculate the highest common divisor of d and l.
82
Let l be 1176/(-126)*(-12)/14. Suppose -b + l + 104 = 0. Calculate the greatest common factor of 56 and b.
56
Let p be (204/8)/(-1 - (-10)/16). Let t = -58 - p. Suppose 0 = -t*r + 8*r + 36. Calculate the greatest common factor of r and 18.
18
Suppose 617*z = 553*z + 1984. What is the highest common divisor of 527 and z?
31
Suppose -5*v - 100 = -3*j, 4*v - 105 = -5*j - 0*v. Let w(i) = i**2 + 46*i + 39. Let n be w(-20). Let b = n - -581. What is the highest common factor of b and j?
25
Suppose q = -k + 26, 3*k - 59 = 2*q - 101. What is the highest common factor of 60 and q?
12
Let c(y) = -8*y**2 + 4*y**2 - 28*y + 3*y**2 + 57 + 46*y. Let j be c(0). What is the highest common divisor of 19 and j?
19
Let x = 6824 - 6779. What is the highest common factor of x and 2235?
15
Let n = -6814 - -6874. Let m = 613 + -373. What is the greatest common divisor of m and n?
60
Let z(u) = -40 + 7*u - 21 + 10*u - 3. Let p be z(8). Calculate the greatest common divisor of p and 18.
18
Suppose -312 = -w - n - 4*n, -7*w = -3*n - 1994. Calculate the greatest common factor of 1394 and w.
41
Let z = 145 - 112. Let x = z + -24. Suppose 180 = -x*h + 24*h. What is the highest common factor of h and 216?
12
Let s be 36/(-24) + (-2)/(-4). Let c be 23/((-161)/252)*s/2. Let v be 1 + c/(-15) + (-2204)/(-20). What is the highest common factor of v and 10?
10
Suppose -12*l + 3*l = -18. Let b(r) = -r**3 + 11*r**2 - 5*r + 4. Let a be b(10). Suppose l*m = 8*m - a. Calculate the greatest common factor of 6 and m.
3
Let g = 37 + -31. Suppose 4*o - 5*v - 691 = 0, -28*o + 2*v + 172 = -27*o. What is the greatest common factor of g and o?
6
Suppose 47*n - 1547 = 3623. Suppose -2*o = -5*o + 12, -3*i + 2*o + 22 = 0. What is the greatest common factor of n and i?
10
Suppose 165752 + 32962 = 89*m + 52932. Calculate the highest common factor of 315 and m.
63
Let i(z) = -3*z**2 + 0*z**2 + 2*z**2 - 19*z**3 - 4 - z**2. Let c be i(-2). What is the greatest common factor of 56 and c?
28
Let t(h) = 30*h. Let z be t(2). Let q(m) = m**3 + 45*m**2 + 165*m + 86. Let o be q(-41). Calculate the highest common divisor of z and o.
15
Let c be 554/14 - 12/(-28). Suppose 0 = -3*y + 4*h + c, 0 = 2*y - 5*h - 17 - 5. Let z = 148 + -84. What is the highest common divisor of z and y?
16
Suppose 0 = 220*w - 277*w + 46284. What is the highest common factor of 854 and w?
14
Let i = 84 - 70. Suppose 0 = i*o - 11*o - 108. Let p(z) = z**3 + 30*z**2 - 31*z + 24. Let q be p(-31). Calculate the greatest common divisor of o and q.
12
Let a = 173 + -101. Let d be a*((-3)/(-2) + -1). Let r be 576/((-80)/(-24)*12/20). What is the greatest common divisor of d and r?
36
Let i(n) = -n**2 - 20*n - 13. Let c be i(-19). Suppose -c*x - 6*x = 0. Suppose x = -2*j + 19 + 11. What is the highest common factor of 3 and j?
3
Let l(s) = s**3 + 8*s**2 - 4*s - 18. Let g be l(-8). Suppose 21*d - g*d = 385. Calculate the greatest common divisor of d and 286.
11
Let n be 49 + (11 - (-208)/(-8)). What is the greatest common factor of n and 13549?
17
Suppose -3*x - k = -165, -3*x + 2*k + 105 + 69 = 0. Calculate the greatest common factor of x and 7112.
56
Suppose -223*c = -219*c - 180. Let v = c - -3. Suppose -239 = -2*g - f, 3*g + 5*f + 171 = 526. Calculate the greatest common divisor of g and v.
24
Suppose 2*y + 3*m = y + 5, 0 = -m + 3. Let s(o) = -o - 20. Let f be s(-11). Let t be y/(-18) + (-70)/f. Calculate the highest common factor of 56 and t.
8
Suppose 65 = 8*k - 3*k. Let y be (-14)/91 + 28/k. Suppose -2*b + 140 = x + 3*x, 64 = y*x - 2*b. Calculate the greatest common divisor of 51 and x.
17
Let c(m) = -2382*m + 11942. Let v be c(5). What is the greatest common divisor of v and 5344?
32
Let x(w) = 3*w**2 - 5*w - 6. Let q be x(4). Let m be (2/(-6))/(4/(-12)). Let s be 63/14*m*q. What is the greatest common factor of 9 and s?
9
Let f be ((-8)/(-6)*3)/((-4)/(-9)). Suppose 85*s + 2925 = 98*s. Calculate the greatest common divisor of f and s.
9
Let g be 357/35*(13 - -167). Calculate the greatest common divisor of 108 and g.
108
Let s(d) = 2*d**3 - 2*d - 5. Let q be s(5). Let i = -819 + 866. What is the greatest common factor of i and q?
47
Let u be (-96)/(((-36)/(-232))/(1 + (-28)/7)). What is the greatest common divisor of u and 8?
8
Let t = 18355 - 17803. Calculate the greatest common factor of t and 2967.
69
Let w(q) = -q**3 + 10*q**2 - 8*q - 9. Let f be w(9). Suppose f = 2*b - 4*b + 372. Let m be (b - (-7 - -4)) + -2. What is the highest common divisor of m and 17?
17
Suppose 57*l - 56*l = 30. Let g be 516/15 - 1 - (-18)/l. Suppose 5*p - 113 = -4*y + g, p - 42 = -5*y. Calculate the greatest common divisor of 9 and p.
9
Suppose 8 = 4*v, v + 14 = h - 3*v. Let a be ((-564)/(-423))/(4/330). Calculate the greatest common divisor of a and h.
22
Let q(g) = -g**2 + 12*g - 8. Let o be q(6). Let p be (-71)/(28826/(-116))*392. What is the highest common divisor of p and o?
28
Let x be (1 - -3) + -48 + -467. Let i = -324 - x. What is the greatest common factor of 33 and i?
11
Suppose -178 = -4*z + 2. Suppose -662 + 1023 = 83*y - 2129. Calculate the greatest common divisor of z and y.
15
Let k be 2/(-12) - (-275)/66. Suppose -k = w - 5*z + 4, 5*w = -z + 12. Suppose 9 = w*m - 7. What is the highest common factor of 136 and m?
8
Let u(r) = -r**2 - 16*r + 6. Let v be u(-3). Let l = v + 47. What is the highest common factor of l and 23?
23
Suppose 0 = 4*o - 12 - 8, 2*o - 6 = -2*n. Let f(x) = 196*x**2 - 3*x + 9. Let b be f(n). What is the greatest common factor of 17 and b?
17
Let x = -1007 - -1037. Suppose 230*t + 1800 = 235*t. What is the highest common factor of t and x?
30
Suppose -4*a - 51 = -291. Let z(k) = 21*k - 669. Let d be z(33). Calculate the highest common divisor of a and d.
12
Let j = 119 - 117. Suppose 4*f + 5*i = 923, 930 = -0*f + 4*f - j*i. Calculate the highest common divisor of f and 29.
29
Suppose -3*j - 4*z + 2321 = 0, 8*j - 13*j - 2*z = -3873. Calculate the highest common divisor of 25 and j.
25
Let f be -30*(12/(-20) - 1) - -4. Let t = 287 - f. What is the highest common divisor of 47 and t?
47
Let a(j) = -2*j**2 - 13*j + 163. Let w be a(-13). Let h(z) = 4*z + 52. Let b be h(w). What is the highest common factor of 196 and b?
28
Let s be (-126)/(-12) + ((-5)/(-2) - 1). Suppose -s*h + 100 = -17*h. Let y be (-484)/h + (-24)/(-30). Calculate the greatest common factor of 10 and y.
5
Suppose -42*h + 1330 + 602 = 0. Let w be (h + -1)*(-80)/(-210)*7. What is the greatest common divisor of 200 and w?
40
Let o(m) = 4*m**3 + 34*m**2 + 15*m - 5. Suppose 0 = -2*u + 6*w - 3*w - 16, 0 = u + 2*w + 8. Let t be o(u). Calculate the greatest common factor of t and 81.
3
Let r = -3218 - -3462. Calculate the greatest common factor of r and 28.
4
Let r be 91/(-7) + (-2412)/(-9). Calculate the greatest common divisor of r and 75.
15
Let l(d) = 21*d**2 - d + 7. Let c be l(-4). Suppose 0 = -20*z + 933 + c. Calculate the highest common divisor of z and 80.
16
Let p be 1/(12/5838*(-14)/(-8)). Let h = p + -262. What is the highest common factor of h and 88?
8
Let n = -1674 + 1734. What is the highest common divisor of 980 and n?
20
Let n be (0 - 320/6)/((-833)/4998). What is the highest common factor of 5 and n?
5
Suppose 0*h + 1059 = b + h, -b = -h - 1069. Suppose -38*d + 4*d = 64*d - 5488. Calculate the highest common divisor of b and d.
56
Let a = 2341 - 2317. Calculate the greatest common divisor of a and 294.
6
Suppose 2*g = -0 + 10, 4*u - 4*g = -12. Suppose -2*w + 4*b + 68